{"id":631,"date":"2012-09-13T17:42:07","date_gmt":"2012-09-13T17:42:07","guid":{"rendered":"http:\/\/motorrad.pixelstreet.net\/?page_id=631"},"modified":"2012-10-06T09:19:16","modified_gmt":"2012-10-06T09:19:16","slug":"6-tag-glasgow-bunacaimb","status":"publish","type":"page","link":"http:\/\/motorrad.pixelstreet.net\/?page_id=631","title":{"rendered":"6. Tag: Glasgow &#8211; Bunacaimb"},"content":{"rendered":"<p>Wir starteten wie immer relativ fr\u00fch unsere Tour und fuhren im Berufsverkehr aus Glasgow raus. Auch bei dieser Fahrt konnte man nix sch\u00f6nes in Glasgow entdecken.<\/p>\n<p><a href=\"http:\/\/motorrad.pixelstreet.net\/wp-content\/uploads\/2012\/09\/DSC01752.jpg\"><img loading=\"lazy\" decoding=\"async\" class=\"aligncenter size-medium wp-image-732\" title=\"DSC01752\" src=\"http:\/\/motorrad.pixelstreet.net\/wp-content\/uploads\/2012\/09\/DSC01752-300x225.jpg\" alt=\"\" width=\"300\" height=\"225\" srcset=\"http:\/\/motorrad.pixelstreet.net\/wp-content\/uploads\/2012\/09\/DSC01752-300x225.jpg 300w, http:\/\/motorrad.pixelstreet.net\/wp-content\/uploads\/2012\/09\/DSC01752.jpg 800w\" sizes=\"(max-width: 300px) 100vw, 300px\" \/><\/a><\/p>\n<p>Die Route f\u00fchrte uns Richtung Loch Lomond. Schon 20 min. nachdem wir die Stadt verlassen haben wurden wir von den wundersch\u00f6nen Highlands begr\u00fc\u00dft, es ist traumhaft sch\u00f6n. Bis jetzt h\u00e4lt das Wetter auch noch sehr gut, so das wir einen super Blick hatten. Wir fahren die ganze Zeit links des Loch Lomond.<\/p>\n<p>&nbsp;<\/p>\n<p><img loading=\"lazy\" decoding=\"async\" class=\"aligncenter size-medium wp-image-735\" title=\"IMG_8708\" src=\"http:\/\/motorrad.pixelstreet.net\/wp-content\/uploads\/2012\/09\/IMG_8708-300x199.jpg\" alt=\"\" width=\"300\" height=\"199\" srcset=\"http:\/\/motorrad.pixelstreet.net\/wp-content\/uploads\/2012\/09\/IMG_8708-300x199.jpg 300w, http:\/\/motorrad.pixelstreet.net\/wp-content\/uploads\/2012\/09\/IMG_8708.jpg 800w\" sizes=\"(max-width: 300px) 100vw, 300px\" \/><\/p>\n<div><a href=\"http:\/\/motorrad.pixelstreet.net\/wp-content\/uploads\/2012\/09\/Schottland-105-von-595.jpg\"><img loading=\"lazy\" decoding=\"async\" class=\"alignleft size-medium wp-image-734\" title=\"Schottland 105 von 595\" src=\"http:\/\/motorrad.pixelstreet.net\/wp-content\/uploads\/2012\/09\/Schottland-105-von-595-225x300.jpg\" alt=\"\" width=\"225\" height=\"300\" srcset=\"http:\/\/motorrad.pixelstreet.net\/wp-content\/uploads\/2012\/09\/Schottland-105-von-595-225x300.jpg 225w, http:\/\/motorrad.pixelstreet.net\/wp-content\/uploads\/2012\/09\/Schottland-105-von-595.jpg 600w\" sizes=\"(max-width: 225px) 100vw, 225px\" \/><\/a>&nbsp;<\/p>\n<p>An der Spitze hielten wir und bewunderten den See und die Berge. Eine Infotafel zeigt uns wie in dieser Region Strom erzeugt wird, ich habe die Rohre eher f\u00fcr Lifte oder anderes gehalten.<\/p>\n<p>&nbsp;<\/p>\n<p>&nbsp;<\/p>\n<p>&nbsp;<\/p>\n<p>&nbsp;<\/p>\n<p>&nbsp;<br \/>\n<a href=\"http:\/\/motorrad.pixelstreet.net\/wp-content\/uploads\/2012\/09\/DSC01751.jpg\"><img loading=\"lazy\" decoding=\"async\" class=\"alignright size-medium wp-image-731\" title=\"DSC01751\" src=\"http:\/\/motorrad.pixelstreet.net\/wp-content\/uploads\/2012\/09\/DSC01751-300x225.jpg\" alt=\"\" width=\"300\" height=\"225\" srcset=\"http:\/\/motorrad.pixelstreet.net\/wp-content\/uploads\/2012\/09\/DSC01751-300x225.jpg 300w, http:\/\/motorrad.pixelstreet.net\/wp-content\/uploads\/2012\/09\/DSC01751.jpg 800w\" sizes=\"(max-width: 300px) 100vw, 300px\" \/><\/a><\/p>\n<p>&nbsp;<\/p>\n<p>&nbsp;<\/p>\n<p>Wir kommen an <a href=\"http:\/\/goo.gl\/maps\/7gcFA\" target=\"_blank\">Tyndrum<\/a>\u00a0vorbei, ich nenne es die Spinnerbr\u00fccke (Berlin) der Highlands. Ein eigener Parkplatz nur f\u00fcr Bikes. Sehr cool. Der Shop verkauft alles was man zum Campen brauch, wenn man was vergessen hat oder was kaputt ist.<\/p>\n<p>Unsere Tour f\u00fchrt uns weiter nach Fort William und schlenderten nur kurz durch die Innenstadt.<\/p>\n<p>&nbsp;<\/p>\n<p>&nbsp;<\/p>\n<p>Das Wetter macht heute was es will. Sonne&#8230; Regen alles dabei und das im st\u00e4ndigen Wechsel.<\/p>\n<p><a href=\"http:\/\/motorrad.pixelstreet.net\/wp-content\/uploads\/2012\/09\/Schottland-149-von-595.jpg\"><img loading=\"lazy\" decoding=\"async\" class=\"aligncenter size-medium wp-image-739\" title=\"Schottland 149 von 595\" src=\"http:\/\/motorrad.pixelstreet.net\/wp-content\/uploads\/2012\/09\/Schottland-149-von-595-300x199.jpg\" alt=\"\" width=\"300\" height=\"199\" srcset=\"http:\/\/motorrad.pixelstreet.net\/wp-content\/uploads\/2012\/09\/Schottland-149-von-595-300x199.jpg 300w, http:\/\/motorrad.pixelstreet.net\/wp-content\/uploads\/2012\/09\/Schottland-149-von-595.jpg 800w\" sizes=\"(max-width: 300px) 100vw, 300px\" \/><\/a><\/p>\n<p>Wir fahren \u00fcber die B830 nach Arsaig. Auch auf diesem Weg: in einer Kruve regnet\u00b4s , in der n\u00e4chsten blinzelt uns die Sonne zu und scheint wie verr\u00fcckt.<\/p>\n<p>Wir erreichen den <a href=\"http:\/\/goo.gl\/maps\/bsROV\" target=\"_blank\">Zeltplatz in Arsaig<\/a>. Die Dame des Hauses ist leider nicht anwesend und wir stehen etwas hoffnungslos vor einem Zettel den wir nicht 100% tig verstehen: Man soll sich einen Platz suchen und wenn man keinen findet ist der Platz voll. Eine Dame erkl\u00e4rt uns noch: man soll im ersten Caravan fragen dies sein wohl Dauercamper. Gesagt getan, daraufhin weist sie uns einen Platz zu. Perfekt. Auf einer kleinen Anh\u00f6he, Meerblick, sehr windig damit wir keine Midges abbekommen.<\/p>\n<p><a href=\"http:\/\/motorrad.pixelstreet.net\/wp-content\/uploads\/2012\/09\/IMG_0607-2.jpg\"><img loading=\"lazy\" decoding=\"async\" class=\"aligncenter size-medium wp-image-737\" title=\"IMG_0607 (2)\" src=\"http:\/\/motorrad.pixelstreet.net\/wp-content\/uploads\/2012\/09\/IMG_0607-2-300x224.jpg\" alt=\"\" width=\"300\" height=\"224\" srcset=\"http:\/\/motorrad.pixelstreet.net\/wp-content\/uploads\/2012\/09\/IMG_0607-2-300x224.jpg 300w, http:\/\/motorrad.pixelstreet.net\/wp-content\/uploads\/2012\/09\/IMG_0607-2-1024x764.jpg 1024w\" sizes=\"(max-width: 300px) 100vw, 300px\" \/><\/a><\/p>\n<p>Die Sonne brennt noch ein wenig, hier k\u00f6nnen wir gut schlafen&#8230;<\/p>\n<p><a style=\"color: #074d7c; cursor: pointer;\" href=\"http:\/\/motorrad.pixelstreet.net\/wp-content\/uploads\/2012\/09\/Schottland-175-von-595.jpg\"><img loading=\"lazy\" decoding=\"async\" class=\"aligncenter size-medium wp-image-736\" title=\"Schottland 175 von 595\" src=\"http:\/\/motorrad.pixelstreet.net\/wp-content\/uploads\/2012\/09\/Schottland-175-von-595-300x199.jpg\" alt=\"\" width=\"300\" height=\"199\" srcset=\"http:\/\/motorrad.pixelstreet.net\/wp-content\/uploads\/2012\/09\/Schottland-175-von-595-300x199.jpg 300w, http:\/\/motorrad.pixelstreet.net\/wp-content\/uploads\/2012\/09\/Schottland-175-von-595.jpg 800w\" sizes=\"(max-width: 300px) 100vw, 300px\" \/><\/a><\/p>\n<p>&nbsp;<\/p>\n<p style=\"text-align: center;\"><span style=\"color: #3366ff;\"><strong><a title=\"7. Tag: Bunacaimb \u2013 Dunvegan\" href=\"http:\/\/motorrad.pixelstreet.net\/?page_id=633\"><span style=\"color: #3366ff;\">Weiter zum N\u00e4chsten Tag &#8212;&gt;<\/span><\/a><\/strong><\/span><\/p>\n<\/div>\n","protected":false},"excerpt":{"rendered":"<p>Wir starteten wie immer relativ fr\u00fch unsere Tour und fuhren im Berufsverkehr aus Glasgow raus. Auch bei dieser Fahrt konnte man nix sch\u00f6nes in Glasgow entdecken. Die Route f\u00fchrte uns Richtung Loch Lomond. Schon 20 min. nachdem wir die Stadt verlassen haben wurden wir von den wundersch\u00f6nen Highlands begr\u00fc\u00dft, es ist traumhaft sch\u00f6n. Bis jetzt &hellip; <\/p>\n<p><a class=\"more-link btn\" href=\"http:\/\/motorrad.pixelstreet.net\/?page_id=631\">Weiterlesen<\/a><\/p>\n","protected":false},"author":3,"featured_media":0,"parent":130,"menu_order":1,"comment_status":"open","ping_status":"closed","template":"","meta":{"ngg_post_thumbnail":0,"footnotes":""},"class_list":["post-631","page","type-page","status-publish","hentry","nodate","item-wrap"],"_links":{"self":[{"href":"http:\/\/motorrad.pixelstreet.net\/index.php?rest_route=\/wp\/v2\/pages\/631"}],"collection":[{"href":"http:\/\/motorrad.pixelstreet.net\/index.php?rest_route=\/wp\/v2\/pages"}],"about":[{"href":"http:\/\/motorrad.pixelstreet.net\/index.php?rest_route=\/wp\/v2\/types\/page"}],"author":[{"embeddable":true,"href":"http:\/\/motorrad.pixelstreet.net\/index.php?rest_route=\/wp\/v2\/users\/3"}],"replies":[{"embeddable":true,"href":"http:\/\/motorrad.pixelstreet.net\/index.php?rest_route=%2Fwp%2Fv2%2Fcomments&post=631"}],"version-history":[{"count":12,"href":"http:\/\/motorrad.pixelstreet.net\/index.php?rest_route=\/wp\/v2\/pages\/631\/revisions"}],"predecessor-version":[{"id":964,"href":"http:\/\/motorrad.pixelstreet.net\/index.php?rest_route=\/wp\/v2\/pages\/631\/revisions\/964"}],"up":[{"embeddable":true,"href":"http:\/\/motorrad.pixelstreet.net\/index.php?rest_route=\/wp\/v2\/pages\/130"}],"wp:attachment":[{"href":"http:\/\/motorrad.pixelstreet.net\/index.php?rest_route=%2Fwp%2Fv2%2Fmedia&parent=631"}],"curies":[{"name":"wp","href":"https:\/\/api.w.org\/{rel}","templated":true}]}}